= -4132659 + 5706011. Is l a prime number?
False
Suppose d = -5*h + 14543, -9*d + 4*h + 58172 = -5*d. Suppose -6778 = -2*k - 2*v + 2922, -3*k = -4*v - d. Is k composite?
True
Suppose 30*i = 33*i - 6, 4*b - 451202 = i. Is b composite?
True
Is (-6605120)/(-7) - (384/(-56))/16 prime?
True
Let k(a) = -34*a**2 - 13*a - 20. Let y be k(-7). Let b = 2434 + y. Is b composite?
False
Suppose 9*o - 3443 = -2*o. Let p be -2 + 3 + -1 - -5. Suppose o = 4*a + p. Is a prime?
False
Is 82/(-943) + 21007765/23 composite?
True
Suppose -2*q + 5*b + 58 = 0, 6*q + b = 3*q + 70. Let y be 4*2 + q/(-6). Suppose -4*z = -y*x - 2*z + 2534, 5*x + z - 3150 = 0. Is x a composite number?
False
Suppose 2*n + n - 3*g = 11502, 5*g + 15339 = 4*n. Let d be -2 + ((-40)/(-60))/(4/42). Suppose d*k - 16124 = n. Is k composite?
True
Suppose 9*s - 4*s + 5 = -3*m, 5*m = 3*s - 31. Let k be -1 - m - 3/3. Suppose k*g - 1187 = -92. Is g a prime number?
False
Let t be (16/(-4) - -14)/1. Let a = 18 - t. Suppose 0 = v + 3*n - 1996, -n = -7*v + a*v - 1986. Is v composite?
True
Suppose -2*q = -4*z - 2, 38 - 1 = -5*q - 4*z. Let v be (-24)/(-10) + (-92)/(-20) + q. Suppose 186 = d - y, 5*y - v*y = 3. Is d composite?
True
Let r(p) be the second derivative of -1/6*p**3 + 28*p - 3/2*p**2 + 0 - 29/12*p**4 + 1/10*p**5. Is r(16) prime?
False
Let r be 1/(0 - 1)*-1. Let q be (4/3)/(r/3). Suppose q*i = 2*i + 694. Is i prime?
True
Let h(l) = 30*l**3 - 37*l**2 + 45*l + 113. Is h(24) composite?
False
Suppose 0 = 5*b - 2*n - 931947, 20*b - 24*b = 5*n - 745584. Is b composite?
False
Let h = -91769 + 251796. Is h prime?
False
Let x(g) = 9424*g - 1111. Is x(8) prime?
False
Let q(i) = i + 16. Let r be q(-18). Let j be r/(-4)*(7 + -7). Suppose j = -3*b + 2*o + 5603, -4*b - 3718 = 3*o - 11183. Is b a prime number?
True
Let f(n) = -17*n**3 + 12*n**2 + 24*n - 6. Is f(-19) composite?
False
Let d = -17981 - -385344. Is d prime?
False
Let p(g) be the first derivative of -176*g**4 - 4*g**3/3 + 3*g**2 - 5*g - 1. Is p(-3) prime?
False
Let p(y) = y**3 + y**2 - 6*y + 4. Let f = 46 - 42. Let m be p(f). Suppose m = -n + 91. Is n composite?
False
Let q = 113258 - 48399. Is q a prime number?
False
Suppose 14*v - 4*u - 58000 = 10*v, -3*u = -2*v + 28997. Is v a prime number?
True
Suppose 60*t = 58*t + 61950. Is t/5 - (0 - 2) composite?
False
Let j = 73873 + -10935. Is j prime?
False
Suppose i - 2*i + 645 = 0. Suppose 3*k + 7789 = 5*m, 2*k = 4*m + 6*k - 6212. Let z = m - i. Is z a prime number?
True
Suppose -3*d - 1642 = -2*s, -864 = -4*s - 5*d + 2376. Suppose s = -8*f + 79. Let t = f + 175. Is t a prime number?
True
Suppose 3*u - 199826 = 3*m + 157360, 0 = m + 3. Is u a composite number?
True
Let g = 33410 - 11991. Is g a composite number?
False
Suppose 2*v = 6*v. Suppose v = f - 3*f + 5*a - 310, 0 = 4*f + 5*a + 590. Is (f/(-3))/(-5)*974/(-4) composite?
True
Let c = 22 - 42. Let g(o) = -13*o**2 + 61*o**3 - 7*o**2 - 62*o**3 - 27*o - 21. Is g(c) a composite number?
True
Suppose 3*a = -5*m + 50, -2*m - 2*a = -6*a + 6. Suppose 10*t + 7877 = 2*x + m*t, 3*x + 2*t - 11809 = 0. Is x prime?
False
Let h(f) = f**2 + 7*f + 10. Let o be h(-6). Suppose -v = o*v - 3285. Let c = v + 264. Is c prime?
False
Let g(d) be the second derivative of -292*d**3/3 + 3*d**2/2 - 408*d. Suppose 1 = -2*p - 3. Is g(p) composite?
False
Suppose 0 = -16*y + 144324 + 295756. Is y a composite number?
True
Let b = 9 + -6. Suppose a - 494 = 2*f - 7858, a + b*f = -7339. Let p = -4415 - a. Is p a composite number?
False
Let b = -655 - -673. Is (-59859)/b*(-16)/72 composite?
False
Is ((-1277)/2 - -10)*94/(-3) a prime number?
False
Let u = -38 - -22. Suppose -5*l + 3*h = -0*h - 87, l = -2*h + 20. Is l + u + 1 + 304 prime?
True
Let r(m) = 746*m**2 - 46*m + 55. Is r(12) a prime number?
False
Let f(k) = 2124*k + 148. Let m be f(-8). Let n = m - -28441. Is n composite?
False
Let i(s) = s**3 - 3*s**2 - 4*s. Let j be i(4). Suppose -b - b + 3*f = -5998, j = -3*b - 3*f + 9027. Suppose a = -3*n + 8975, 0*n - n = -3*a - b. Is n composite?
True
Let o(r) = 2 + 2 + r + 0*r. Let b be o(0). Suppose -b - 6 = 2*f, -m + 4*f = -255. Is m composite?
True
Let b(a) = 29 + 4*a**2 + 3*a - 26 + 0*a. Let i be b(-1). Is (-2 + (-735)/9)/(i/(-12)) a composite number?
False
Let x(m) = -1626*m**2 - 2*m + 1. Let w be x(1). Let j = 4236 + w. Is j composite?
False
Suppose -3480*h - 347663 = -a - 3483*h, h - 4 = 0. Is a a prime number?
True
Is (67058/(-22))/(13 - 1008/77) composite?
False
Let w be ((-14)/(-6))/((-18)/(-54)). Is ((-301)/w)/((-3)/69) a composite number?
True
Suppose 3*z = 6*z + 3*g - 470769, 5*g - 313846 = -2*z. Is z prime?
False
Let j(p) be the third derivative of 0 + 125/24*p**4 - 13*p**2 + 0*p + 1/6*p**3. Is j(2) a prime number?
True
Let d be -6*(-2)/((-90)/965)*6. Let c = d + 2283. Is c composite?
False
Let d(t) = 1347*t**2 + t - 6. Let l be d(-3). Suppose 3*o + 9368 + l = -2*s, -5*o = 3*s + 35805. Let q = o + 11011. Is q a composite number?
False
Suppose 0 = -4*d - 3*l - 3, 19*d + 3*l + 21 = 21*d. Suppose -4*q + 14215 + 14365 = -2*p, -q + 7135 = -d*p. Is q a composite number?
True
Let b(h) = -984*h**2 - 8*h + 40. Let c be b(4). Let d = -9315 - c. Is d prime?
True
Suppose 197*x + 8199831 - 19903010 = 0. Is x prime?
True
Let b = 2247 + -779. Let i = 3819 + b. Is i prime?
False
Let l(o) = 2*o - 27. Let d be l(18). Let a(c) = -c**3 + 10*c**2 - 8*c + 7. Let h be a(d). Suppose -h*i + 19*i = 1065. Is i a composite number?
True
Let o(a) = -3*a**2 + 158*a - 8. Let y be o(36). Let q(f) = -118*f + 5. Let d be q(-4). Suppose -2*m - d = -u - 18, -3*m = 4*u - y. Is u a composite number?
True
Let s = 43 - 43. Let x be ((-12)/(-9) + -1)*s. Suppose x*i + 199 = i. Is i composite?
False
Let x = -7 - -46. Let q = -46 + x. Is (-5 - q)*(-878)/(-4) composite?
False
Let y = 457808 - 182679. Is y a prime number?
True
Is (-1223)/((-224)/40 - -5 - (-164)/290) a prime number?
False
Let a = 2351 + -94. Is a a composite number?
True
Suppose g = -4*p + 16, 2*g - 2*p = -1 + 3. Suppose 0 = -4*n - 0*n + g. Is (4/(-16)*8098)/(n/(-2)) prime?
True
Let l(n) = -7*n**3 - 5*n**2 + 5*n - 41. Let t be l(-17). Suppose -2*m + 0*d + t = -5*d, 3*d + 82050 = 5*m. Suppose 13*v - m = 7*v. Is v prime?
False
Is 718118 - 4*8/((-288)/27) a prime number?
True
Suppose 5*t - 8670 = -5*l, 2*t - 3841 = 3*l - 363. Let f = 2665 - t. Is f prime?
True
Let g = 540 - 537. Suppose g*h = -4*v + h + 65796, -2*h = -2*v + 32886. Is v composite?
False
Let c be 24/(-15)*-15*(-1)/6. Let v(d) = -597*d + 19. Is v(c) prime?
False
Let k(y) be the third derivative of 4369*y**4/24 + y**3/2 + 19*y**2. Is k(2) prime?
True
Suppose 10 = -2*q + 7*q. Suppose q*m + 1068 = 14*m. Let p = m - -164. Is p a prime number?
False
Let y be ((-24)/(-9) + -2)*(14 + -2). Suppose -y*c + 7 = -9. Suppose 10260 = 5*k + w - c*w, -5*w = -4*k + 8187. Is k a prime number?
True
Suppose 0 = 3*w - 3, -139*j + 142*j + 2*w - 90509 = 0. Is j a prime number?
True
Let a(i) be the second derivative of i**5/20 + i**4/6 + 7*i**3/6 + 43*i**2/2 - 98*i. Is a(14) prime?
False
Is (-78)/117 - ((-113604)/9)/4 composite?
True
Let s(y) = -y**3 - 12*y**2 + y + 15. Let w be s(-12). Suppose 2*a - 4*c - 254 = 2, 0 = w*a + 4*c - 334. Let f = a - -219. Is f prime?
True
Is ((-66)/528)/((-4)/2885216) prime?
True
Suppose -64 = -10*j + 106. Suppose -j*w + 11*w = -12198. Is w a prime number?
False
Let o(l) = l**2 + 1. Let i(h) = -47*h**2 - 24*h - 10. Let y(k) = -i(k) - 4*o(k). Is y(5) a prime number?
True
Let k be 1/1 + (-100)/(-10). Suppose -k*w + 5*w + 3630 = 0. Suppose -9*j + 4*j = -w. Is j a composite number?
True
Let c be -1 + 0 + ((-24)/8)/(-3). Suppose -x - 4*v + 10799 = 2*x, -v + 5 = c. Is x composite?
False
Suppose 0 = 5*m - 11*m. Is 6366 + -33 - m/(-2) - 4 composite?
False
Let k be 0 + (2 - 0 - 6). Let n be ((-9)/3 + 65)/(-2). Is (k + 3)*1*n a prime number?
True
Let b = -643285 + 937442. Is b a prime number?
True
Let z(p) = -41*p**3 - 74*p**2 + 10*p + 52. Is z(-9) a prime number?
True
Let p = 42 + 101. Let k(r) = 4 + 12*r**2 + r**3 + 6*r**2 + p*r - 175*r. Is k(-19) a composite number?
False
Suppose 0 = 2*y + 4*s - 196 - 912, s = 5. Let f = y + -425. Is f prime?
False
Let m(r) = 509*r**2 + 3*r + 14. Let g be m(-3). Let y = -688 + g. Is y a composite number?
True
Let m be (35 + -11)*2/3. Suppose 3*g - 2 = m. Supp